 be v(-5). Suppose 0*o + 3*o = 3*c - 87, 0 = -5*c + 3*o + q. Let r = -15 + c. What are the prime factors of r?
2, 5
Let g(y) = y**2 + 9*y - 5. Suppose -w - 12 = -0*w - 4*d, d - 3 = 0. Suppose 5*i + 10 = -w*h - 3*h, 16 = -2*h - i. What are the prime factors of g(h)?
5
Suppose 5*a = -2*c - 6, 0 = -3*c - 4*a - 17 + 1. What are the prime factors of c*(-1 - 0)*1?
2
Let i(c) = c**2 - c - 2. Let g be i(2). Let m be g*(-2)/(0 + -2). Suppose 0*o - 4*o + 12 = m. What are the prime factors of o?
3
Suppose 3*u - 4*z + 26 = 0, 3*u = -2*z - 41 - 9. Let d = u - -35. What are the prime factors of d?
3, 7
Suppose 0 = -2*s + 85 - 9. What are the prime factors of s?
2, 19
Let w(n) = -5*n + 17. Let p be w(-15). Suppose 0 = -4*o + 3*r + 187, -2*o + p = r + 11. What are the prime factors of o?
43
Let f = -2 - -1. Let p(b) = -11*b**3 + b**2 + b + 1. Let x be p(f). Let y = 22 - x. What are the prime factors of y?
2, 5
Suppose 3 + 5 = 2*l. Suppose l*h = -d - 0*d + 25, 0 = -3*h + d + 10. Suppose 0 = h*b + 20, -5*n - 4*b = -2*n - 5. List the prime factors of n.
7
Let b(c) be the third derivative of 1/12*c**4 + 0 + 0*c + 1/6*c**5 - 3*c**2 - 1/6*c**3. List the prime factors of b(1).
11
Suppose -3 = -2*d + d. Suppose -13 = -d*n - 4. What are the prime factors of n?
3
Suppose 0 = -42*u + 47*u - 320. List the prime factors of u.
2
Let i = 1 - 10. Let s = i - -16. What are the prime factors of s?
7
Let u be (-1 + 0)/((-1)/15). Suppose -w + u = 2*w. List the prime factors of w.
5
Let t(n) = n**2 + 2*n - 7. Suppose -14 - 4 = 3*w. What are the prime factors of t(w)?
17
Suppose -32 = 5*q - 2. Let p(o) = 5*o - 23. Let c be p(7). Let t = q + c. What are the prime factors of t?
2, 3
Suppose -2*m + 96 = 2*m. List the prime factors of m.
2, 3
Let j = -267 - -382. What are the prime factors of j?
5, 23
Suppose 4*v + 8 = 8*v. Let i be ((-6)/(-4))/(v/4). Suppose 5*g - 3*g - 6 = 0, h + i*g = 13. What are the prime factors of h?
2
Let x(l) = -16*l**2 - 2*l + 5. Let u(n) = -17*n**2 - 2*n + 6. Let d(r) = 4*u(r) - 5*x(r). List the prime factors of d(1).
13
Suppose 2*q = -2*q - 24. What are the prime factors of (q - -8)*46/4?
23
Let w(b) = b**3 - 13*b**2 - 6*b + 30. What are the prime factors of w(14)?
2, 71
Let z(n) = -n**3 + 9*n**2 - 7*n - 4. Let t(r) = -2*r - 2. Let c be t(-5). Let s be z(c). List the prime factors of (5 + -3)*18/s.
3
Suppose 0 = i - 5*x - 1, -4*x - 89 = -8*i + 3*i. What are the prime factors of i?
3, 7
Let o be 460/(-50)*(-10)/4. Suppose 5*l + o - 133 = 0. List the prime factors of l.
2, 11
What are the prime factors of (-9 + 234/27)/(2/(-1674))?
3, 31
Let x be -7 + 0/(-2 + 1). Let m(k) be the third derivative of -k**4/24 - k**3/2 - 2*k**2. List the prime factors of m(x).
2
Let i(d) = -d**2 + 10*d - 7. Let o be i(9). Let f = o - -3. Let v(h) = h**2 - h - 4. List the prime factors of v(f).
2
Suppose 3*j + 96 + 0 = 3*y, -3*y - 5*j + 104 = 0. Suppose -h + y = 2*h. What are the prime factors of h?
11
Suppose 5*a = 2*a + 72. Suppose k + a = 3*k. What are the prime factors of k?
2, 3
Let p be 18/8 + 2/(-8). Let w be -1*(p + -2*1). Suppose 3*k - 21 = -w*k. List the prime factors of k.
7
Let w(l) = 2*l**2 - 11*l + 5. Let d(n) = -6*n**2 + 33*n - 15. Let h(o) = -4*d(o) - 11*w(o). What are the prime factors of h(7)?
2, 13
Let w be (20 - 5)*2/(-3). Let x = w + 18. List the prime factors of x.
2
What are the prime factors of ((-12)/(-8))/(3/82)?
41
Let d = 4 + 2. Suppose 0 = -5*j + 4 + d. What are the prime factors of j?
2
Suppose 2*u = -5*s - 79, -126 = 3*u + 3*s + 2*s. Let i = 69 + u. Suppose 3*h + 3*f = -17 + 56, i = h + 4*f. List the prime factors of h.
2, 5
Suppose 0*j + 39 = 3*j. Suppose y + j = h + 3*y, 117 = 4*h - 5*y. List the prime factors of h.
23
Let w be 14/(-63) + 47/9. Suppose p = w*m + 58 - 183, 100 = 4*m - p. What are the prime factors of m?
5
List the prime factors of 2 + 1 + (0 - -15).
2, 3
Let f = 22 + -41. Let m = -10 - f. What are the prime factors of m?
3
Let w(n) = -26*n**3 - n**2 + n + 1. Suppose 4*u - u + 3 = 0. List the prime factors of w(u).
5
Let d(z) = -z**3 + 7*z**2 - 3*z - 4. What are the prime factors of d(5)?
31
List the prime factors of 2/3*(-5913)/(-54).
73
What are the prime factors of 8*(-3)/((-18)/69)?
2, 23
Let q be (-3 - -3)/(1*2). Let u be (-3)/(q + 1/(-3)). Suppose 2*h + z - 12 = u, -2*h = -5*z - 39. What are the prime factors of h?
2, 3
Let d(c) = 14*c - 12. What are the prime factors of d(5)?
2, 29
Suppose -2*h - 4*j = -9*j + 24, -5*j = -h - 22. What are the prime factors of h*(1 + 7/(-2))?
5
Let h(w) = 6*w**3 + 6*w**2 + 7*w + 15. Let f(q) = 5*q**3 + 5*q**2 + 6*q + 14. Let i(m) = 7*f(m) - 6*h(m). List the prime factors of i(0).
2
Suppose 2*l = 4*h - 10, 2*l + l - 1 = -2*h. Suppose n + 2 + h = 0. List the prime factors of 3 + -3 - (n - -2).
2
List the prime factors of (-25)/15*-41 + 2/3.
3, 23
Let r be 2/(-3) - (-12)/18. Suppose r = 3*b + 2*o - 50, 0*b + o = 2*b - 38. What are the prime factors of b?
2, 3
Suppose p + 2*d = 4, -2*d + 4 + 0 = -5*p. Suppose 34 = g - 5*u, p*g - 2*g = -u - 77. Suppose 5*s = -0*r + 4*r - g, -2*s = -2. List the prime factors of r.
11
Let x(p) = p**3 + 2*p + 4. What are the prime factors of x(3)?
37
Let i(p) = 20*p + 6. Let x be i(-5). List the prime factors of (-1)/(x/(-48) - 2).
2, 3
Let b be (-2 + 5 + -2)*2. Let d(z) = z + z + b - z. What are the prime factors of d(6)?
2
Let n be (-4)/((-12)/(-27)) + -2. Let c = n + 20. List the prime factors of c.
3
Let v = -6 - -1. Let o = v + 20. List the prime factors of ((-18)/(-15))/(2/o).
3
Let m(r) = -r**2 + 8*r + 22. Let p be m(10). Suppose 64 = -3*i + 5*i + 2*d, 4*d = -p*i + 66. List the prime factors of i.
31
Let p = 197 + -110. What are the prime factors of p?
3, 29
Let v be ((-124)/(-12))/(2/(-6)). Let q(t) = t**2 - 4*t - 26. Let o be q(11). Let y = o + v. List the prime factors of y.
2, 5
Let p be 1*(-7)/(-2 + 3). Let z = -4 - p. Suppose -q = -z*q + 8. List the prime factors of q.
2
Let s = -2 - -4. Suppose 0 = s*i + 3*i - 20. List the prime factors of i.
2
Suppose 0 = l - x - 2, -3*x = -2*l + x - 4. Let u = 4 + l. List the prime factors of u.
2, 5
Let o = -71 - -5. What are the prime factors of -1 + (2 - o)/4?
2
Suppose -335 = -y + 4*f, -966 = -3*y + 5*f + 46. List the prime factors of y.
3, 113
Let b(c) = 4*c**2 - 1. Let x be b(1). Suppose x*t = -g - 0*g + 18, -2*g - t + 21 = 0. Let l = g + -2. What are the prime factors of l?
7
Suppose 7*k - 79 = 180. What are the prime factors of k?
37
Let y = 12 + 7. Let v = y - 6. List the prime factors of v.
13
Let t be 23 + 5 + 2 + 0. What are the prime factors of (t/45)/(2/69)?
23
Let q(f) = f - 3. Let a be q(5). Let u = a + 3. What are the prime factors of u?
5
Let v(h) = -h**3 + 7*h + 6. Suppose -2*k - 24 = 5*a, 6*a - a + 10 = 5*k. What are the prime factors of v(a)?
2, 3, 7
Suppose 2*q - 44 + 12 = 0. List the prime factors of q.
2
Let w(d) = -d**3 + 2*d**2 + 3*d + 1. Let a = -4 + 4. Suppose a*v + 4*v + 8 = 0. List the prime factors of w(v).
11
Let n = 2 + -11. What are the prime factors of 18/5 - n/(-15)?
3
Let u = -30 + 47. List the prime factors of u.
17
Suppose 3*p + 4*t + 27 = t, 4*t - 8 = 0. Let y(x) = -5*x - 15. List the prime factors of y(p).
2, 5
Let b(x) = -x + 4. Let z be b(4). Suppose z = 4*p - 2*p - 6. Suppose p*o - 16 = 2*o. What are the prime factors of o?
2
Let r = -2 - -7. Suppose 2*g - 3*y = 17, -3 + 18 = r*y. List the prime factors of g.
13
Let z = -17 - -17. Suppose 3*l - 142 + 40 = z. What are the prime factors of l?
2, 17
What are the prime factors of (-2)/(-8)*154*(-2)/(-1)?
7, 11
Suppose -2*x - 4 = -18. List the prime factors of x.
7
Let x = -1 - -9. What are the prime factors of x?
2
Let l = -2 - 0. Let k be -1 - l - -10 - -1. Suppose -q + k = 3*q. What are the prime factors of q?
3
Let r = 52 - 20. Suppose 5*n = 3*n + r. List the prime factors of n.
2
Let k = -74 + 254. Suppose -2*d + k = 3*d. List the prime factors of d.
2, 3
Let n(d) = -3 - d**3 - 13*d**2 + 5*d**2 + 1 - 9*d. Let i be n(-7). Suppose -4*r - i = -5*r. What are the prime factors of r?
2, 3
Suppose -4*g + 5*k + 399 = 0, 195 = 5*g + 2*k - 279. What are the prime factors of g?
2, 3
Suppose 3*f = -u + 8, 47 = 8*u - 4*u - 3*f. Suppose -5*s + 9 = -u. Suppose d = -s*y - 4*d + 60, -y + 14 = d. List the prime factors of y.
2, 5
Suppose 